{"id":1494,"date":"2020-12-29T20:31:48","date_gmt":"2020-12-29T20:31:48","guid":{"rendered":"https:\/\/bewusst-schoen.at\/?page_id=1494"},"modified":"2026-02-22T16:59:19","modified_gmt":"2026-02-22T16:59:19","slug":"lisa-winkler","status":"publish","type":"page","link":"https:\/\/bewusst-schoen.at\/?page_id=1494","title":{"rendered":"\u00dcber mich"},"content":{"rendered":"<div data-colibri-id=\"1494-c1\" class=\"style-1262 style-local-1494-c1 position-relative\">\n  <!---->\n  <div data-colibri-component=\"section\" data-colibri-id=\"1494-c2\" id=\"about-2\" class=\"h-section h-section-global-spacing d-flex align-items-lg-center align-items-md-center align-items-center style-2361 style-local-1494-c2 position-relative\">\n    <!---->\n    <!---->\n    <div class=\"h-section-grid-container h-section-boxed-container\">\n      <!---->\n      <div data-colibri-id=\"1494-c3\" class=\"h-row-container gutters-row-lg-2 gutters-row-md-2 gutters-row-2 gutters-row-v-lg-2 gutters-row-v-md-2 gutters-row-v-2 style-2362 style-local-1494-c3 position-relative\">\n        <!---->\n        <div class=\"h-row justify-content-lg-center justify-content-md-center justify-content-center align-items-lg-stretch align-items-md-stretch align-items-stretch gutters-col-lg-2 gutters-col-md-2 gutters-col-2 gutters-col-v-lg-2 gutters-col-v-md-2 gutters-col-v-2\">\n          <!---->\n          <div class=\"h-column h-column-container d-flex h-col-lg-auto h-col-md-auto h-col-auto style-2363-outer style-local-1494-c4-outer\">\n            <div data-colibri-id=\"1494-c4\" class=\"d-flex h-flex-basis h-column__inner h-px-lg-2 h-px-md-2 h-px-2 v-inner-lg-2 v-inner-md-2 v-inner-2 style-2363 style-local-1494-c4 position-relative\">\n              <!---->\n              <!---->\n              <div class=\"w-100 h-y-container h-column__content h-column__v-align flex-basis-100 align-self-lg-center align-self-md-center align-self-center\">\n                <!---->\n                <div data-colibri-id=\"1494-c5\" class=\"h-global-transition-all h-heading style-2364 style-local-1494-c5 position-relative h-element\">\n                  <!---->\n                  <div class=\"h-heading__outer style-2364 style-local-1494-c5\">\n                    <!---->\n                    <!---->\n                    <h2 class=\"\"><span style=\"font-family: &quot;Alex Brush&quot;;\">Lisa<\/span><\/h2>\n                  <\/div>\n                <\/div>\n                <div data-colibri-id=\"1494-c6\" class=\"h-text h-text-component style-2380 style-local-1494-c6 position-relative h-element\">\n                  <!---->\n                  <!---->\n                  <div class=\"\">\n                    <h5>INHABERIN&nbsp;\n                      <br>KOSMETIKERIN, KINESIOLOGIN,\n                      <br>AYURVEDA lifestyle COACH, Frauenkreisleiterin &#8211; und prozessbegleiterin I.A.<\/h5>\n                  <\/div>\n                <\/div>\n                <div data-colibri-id=\"1494-c7\" class=\"h-text h-text-component style-2366 style-local-1494-c7 position-relative h-element\">\n                  <!---->\n                  <!---->\n                  <div class=\"\">\n                    <p><span style=\"font-family: Raleway; font-size: 92%;\">Im Zeitraum von 2012 bis 2015 habe ich die Lehre zur Kosmetikerin ab\ufeffsolviert. Nach meinem Abschluss zog es mich in das Hautzentrum von Dr. Sabine Schwarz, einem der gr\u00f6\u00dften und renommiertesten Zentren f\u00fcr \u00e4sthetische und klassische Hautheilkunde, in Wien. <\/span><\/p>\n                    <p><span style=\"font-family: Raleway; font-size: 92%;\">Dort konnte ich drei Jahre lang wertvolle Erfahrungen sammeln und intensiv mit verschiedenen Hautbildern wie Akne, Couperose, Pigmentflecken und atropher Haut arbeiten. Besonders beeindruckend war die Kombination aus Schulmedizin und Alternativmedizin, die in diesem Zentrum einen besonderen Stellenwert hatte. So lernte ich auch alternative Heilmethoden wie Bioresonanz, Bachbl\u00fcten und \u00e4therische \u00d6le kennen \u2013 und sp\u00fcrte, wie kraftvoll diese Ans\u00e4tze wirken.&nbsp;<\/span><\/p>\n                    <p><span style=\"font-family: Raleway; font-size: 92%;\">Doch nicht nur die \u00e4u\u00dfere Haut wollte ich besser verstehen \u2013 auch das innere Wohlbefinden war mir wichtig. Deshalb entschloss ich mich 2017, eine Ausbildung zur Kinesiologin zu absolvieren. Diese Ausbildung er\u00f6ffnete mir tiefere Einsichten in die Wechselwirkungen von K\u00f6rper, Geist und Seele und lie\u00df mich erkennen, wie wichtig es ist, alle Ebenen des Menschen zu ber\u00fccksichtigen, um Ver\u00e4nderung zu erfahren.<\/span><\/p>\n                    <p><span style=\"font-family: Raleway; font-size: 92%;\">Mit dem Wunsch, meine ganzheitliche Philosophie in meiner Arbeit zu leben, wagte ich 2018 den Schritt in die Selbstst\u00e4ndigkeit und er\u00f6ffnete meine eigene Praxis in Hollabrunn. <\/span><\/p>\n                    <p><span style=\"font-family: Raleway; font-size: 92%;\">Meine Praxis ist f\u00fcr mich mehr als nur ein Arbeitsplatz \u2013 ein R\u00fcckzugsort, an dem meine Kundinnen und Kunden zur Ruhe kommen. Entspannung und Zeit zum Entschleunigen finden und das Wohlbefinden im Mittelpunkt steht. Hier geht es nicht nur um \u00e4u\u00dfere Sch\u00f6nheit, sondern um die ganzheitliche Pflege von K\u00f6rper, Geist und See<\/span><\/p>\n                  <\/div>\n                <\/div>\n              <\/div>\n            <\/div>\n          <\/div>\n          <div class=\"h-column h-column-container d-flex h-col-lg-auto h-col-md-auto h-col-auto style-2369-outer style-local-1494-c8-outer\">\n            <div data-colibri-id=\"1494-c8\" class=\"d-flex h-flex-basis h-column__inner h-px-lg-2 h-px-md-2 h-px-2 v-inner-lg-2 v-inner-md-2 v-inner-2 style-2369 style-local-1494-c8 position-relative\">\n              <!---->\n              <!---->\n              <div class=\"w-100 h-y-container h-column__content h-column__v-align flex-basis-100 align-self-lg-center align-self-md-center align-self-center\">\n                <!---->\n                <div data-colibri-id=\"1494-c9\" class=\"h-multiple-image style-2370 style-local-1494-c9 position-relative h-element\">\n                  <!---->\n                  <div class=\"position-relative\">\n                    <div class=\"h-multiple-image-inside-container\">\n                      <div class=\"ratio-inner\">\n                        <div data-colibri-id=\"1494-c10\" class=\"d-block style-2371 style-local-1494-c10 position-relative h-element\">\n                          <!---->\n                          <div class=\"h-image__frame-container-outer\">\n                            <div class=\"h-image__frame-container\">\n                              <!---->\n                              <!---->\n                              <img loading=\"lazy\" width=\"846\" height=\"924\" src=\"https:\/\/bewusst-schoen.at\/wp-content\/uploads\/2021\/09\/cropped-0-7-2.jpg\" class=\"style-2370-images style-local-1494-c9-images wp-image-5006 style-2371-image style-local-1494-c10-image\" srcset=\"https:\/\/bewusst-schoen.at\/wp-content\/uploads\/2021\/09\/cropped-0-7-2.jpg 846w, https:\/\/bewusst-schoen.at\/wp-content\/uploads\/2021\/09\/cropped-0-7-2-275x300.jpg 275w, https:\/\/bewusst-schoen.at\/wp-content\/uploads\/2021\/09\/cropped-0-7-2-768x839.jpg 768w, https:\/\/bewusst-schoen.at\/wp-content\/uploads\/2021\/09\/cropped-0-7-2-600x655.jpg 600w\" sizes=\"(max-width: 846px) 100vw, 846px\" alt=\"\" \/>\n                              <div class=\"h-image__frame h-hide-lg h-hide-md h-hide-sm style-2371-frameImage style-local-1494-c10-frameImage\"><\/div>\n                            <\/div>\n                          <\/div>\n                        <\/div>\n                      <\/div>\n                    <\/div>\n                  <\/div>\n                <\/div>\n              <\/div>\n            <\/div>\n          <\/div>\n        <\/div>\n      <\/div>\n      <div data-colibri-id=\"1494-c11\" class=\"h-row-container gutters-row-lg-2 gutters-row-md-2 gutters-row-0 gutters-row-v-lg-2 gutters-row-v-md-2 gutters-row-v-2 style-2376 style-local-1494-c11 position-relative\">\n        <!---->\n        <div class=\"h-row justify-content-lg-center justify-content-md-center justify-content-center align-items-lg-stretch align-items-md-stretch align-items-stretch gutters-col-lg-2 gutters-col-md-2 gutters-col-0 gutters-col-v-lg-2 gutters-col-v-md-2 gutters-col-v-2\">\n          <!---->\n          <div class=\"h-column h-column-container d-flex h-col-lg-auto h-col-md-auto h-col-auto style-2377-outer style-local-1494-c12-outer\">\n            <div data-colibri-id=\"1494-c12\" class=\"d-flex h-flex-basis h-column__inner h-px-lg-2 h-px-md-2 h-px-2 v-inner-lg-2 v-inner-md-2 v-inner-2 style-2377 style-local-1494-c12 position-relative\">\n              <!---->\n              <!---->\n              <div class=\"w-100 h-y-container h-column__content h-column__v-align flex-basis-100 align-self-lg-start align-self-md-start align-self-start\">\n                <!---->\n                <div data-colibri-id=\"1494-c13\" class=\"h-text h-text-component style-2378 style-local-1494-c13 position-relative h-element\">\n                  <!---->\n                  <!---->\n                  <div class=\"\">\n                    <p><span style=\"font-family: Raleway; font-size: 92%;\">Um noch mehr Ruhe, Gelassenheit und Lebensfreude in meinen Alltag zu integrieren, habe ich mich immer mehr dem achtsamen Lebensstil zugewandt. Die ganzheitliche Philosophie von Yoga und Ayurveda hat mich dabei besonders inspiriert und begleitet mich nun t\u00e4glich.<\/span><\/p>\n                    <p><span style=\"font-family: Raleway; font-size: 92%;\">2022 \u2013 2024 habe ich die Ausbildung zum Ayurveda Lifestyle Coach bei Dr. Janna Scharfenberg abgeschlossen. <\/span><\/p>\n                    <p><span style=\"font-family: Raleway; font-size: 92%;\"> <\/span><\/p>\n                    <p><em style=\"font-family: Raleway; font-size: 92%;\">Es ist meine Leidenschaft, dich dabei zu begleiten, dein inneres und \u00e4u\u00dferes Gleichgewicht zu finden und ein Leben voller Achtsamkeit, Gesundheit und Lebensfreude zu f\u00fchren.<\/em><\/p>\n                  <\/div>\n                <\/div>\n              <\/div>\n            <\/div>\n          <\/div>\n        <\/div>\n      <\/div>\n    <\/div>\n  <\/div>\n<\/div>","protected":false},"excerpt":{"rendered":"<p>Lisa INHABERIN&nbsp; KOSMETIKERIN, KINESIOLOGIN, AYURVEDA lifestyle COACH, Frauenkreisleiterin &#8211; und prozessbegleiterin I.A. Im Zeitraum von 2012 bis 2015 habe ich die Lehre zur Kosmetikerin ab\ufeffsolviert. Nach meinem Abschluss zog es mich in das Hautzentrum von Dr. Sabine Schwarz, einem der gr\u00f6\u00dften und renommiertesten Zentren f\u00fcr \u00e4sthetische und klassische Hautheilkunde, in Wien. Dort konnte ich drei [&hellip;]<\/p>\n","protected":false},"author":1,"featured_media":0,"parent":0,"menu_order":0,"comment_status":"closed","ping_status":"closed","template":"page-templates\/full-width-page.php","meta":[],"_links":{"self":[{"href":"https:\/\/bewusst-schoen.at\/index.php?rest_route=\/wp\/v2\/pages\/1494"}],"collection":[{"href":"https:\/\/bewusst-schoen.at\/index.php?rest_route=\/wp\/v2\/pages"}],"about":[{"href":"https:\/\/bewusst-schoen.at\/index.php?rest_route=\/wp\/v2\/types\/page"}],"author":[{"embeddable":true,"href":"https:\/\/bewusst-schoen.at\/index.php?rest_route=\/wp\/v2\/users\/1"}],"replies":[{"embeddable":true,"href":"https:\/\/bewusst-schoen.at\/index.php?rest_route=%2Fwp%2Fv2%2Fcomments&post=1494"}],"version-history":[{"count":20,"href":"https:\/\/bewusst-schoen.at\/index.php?rest_route=\/wp\/v2\/pages\/1494\/revisions"}],"predecessor-version":[{"id":5150,"href":"https:\/\/bewusst-schoen.at\/index.php?rest_route=\/wp\/v2\/pages\/1494\/revisions\/5150"}],"wp:attachment":[{"href":"https:\/\/bewusst-schoen.at\/index.php?rest_route=%2Fwp%2Fv2%2Fmedia&parent=1494"}],"curies":[{"name":"wp","href":"https:\/\/api.w.org\/{rel}","templated":true}]}}

Über mich

<div data-colibri-id="1494-c1" class="style-1262 style-local-1494-c1 position-relative">
  <!---->
  <div data-colibri-component="section" data-colibri-id="1494-c2" id="about-2" class="h-section h-section-global-spacing d-flex align-items-lg-center align-items-md-center align-items-center style-2361 style-local-1494-c2 position-relative">
    <!---->
    <!---->
    <div class="h-section-grid-container h-section-boxed-container">
      <!---->
      <div data-colibri-id="1494-c3" class="h-row-container gutters-row-lg-2 gutters-row-md-2 gutters-row-2 gutters-row-v-lg-2 gutters-row-v-md-2 gutters-row-v-2 style-2362 style-local-1494-c3 position-relative">
        <!---->
        <div class="h-row justify-content-lg-center justify-content-md-center justify-content-center align-items-lg-stretch align-items-md-stretch align-items-stretch gutters-col-lg-2 gutters-col-md-2 gutters-col-2 gutters-col-v-lg-2 gutters-col-v-md-2 gutters-col-v-2">
          <!---->
          <div class="h-column h-column-container d-flex h-col-lg-auto h-col-md-auto h-col-auto style-2363-outer style-local-1494-c4-outer">
            <div data-colibri-id="1494-c4" class="d-flex h-flex-basis h-column__inner h-px-lg-2 h-px-md-2 h-px-2 v-inner-lg-2 v-inner-md-2 v-inner-2 style-2363 style-local-1494-c4 position-relative">
              <!---->
              <!---->
              <div class="w-100 h-y-container h-column__content h-column__v-align flex-basis-100 align-self-lg-center align-self-md-center align-self-center">
                <!---->
                <div data-colibri-id="1494-c5" class="h-global-transition-all h-heading style-2364 style-local-1494-c5 position-relative h-element">
                  <!---->
                  <div class="h-heading__outer style-2364 style-local-1494-c5">
                    <!---->
                    <!---->
                    <h2 class=""><span style="font-family: &quot;Alex Brush&quot;;">Lisa</span></h2>
                  </div>
                </div>
                <div data-colibri-id="1494-c6" class="h-text h-text-component style-2380 style-local-1494-c6 position-relative h-element">
                  <!---->
                  <!---->
                  <div class="">
                    <h5>INHABERIN&nbsp;
                      <br>KOSMETIKERIN, KINESIOLOGIN,
                      <br>AYURVEDA lifestyle COACH, Frauenkreisleiterin &#8211; und prozessbegleiterin I.A.</h5>
                  </div>
                </div>
                <div data-colibri-id="1494-c7" class="h-text h-text-component style-2366 style-local-1494-c7 position-relative h-element">
                  <!---->
                  <!---->
                  <div class="">
                    <p><span style="font-family: Raleway; font-size: 92%;">Im Zeitraum von 2012 bis 2015 habe ich die Lehre zur Kosmetikerin ab﻿solviert. Nach meinem Abschluss zog es mich in das Hautzentrum von Dr. Sabine Schwarz, einem der größten und renommiertesten Zentren für ästhetische und klassische Hautheilkunde, in Wien. </span></p>
                    <p><span style="font-family: Raleway; font-size: 92%;">Dort konnte ich drei Jahre lang wertvolle Erfahrungen sammeln und intensiv mit verschiedenen Hautbildern wie Akne, Couperose, Pigmentflecken und atropher Haut arbeiten. Besonders beeindruckend war die Kombination aus Schulmedizin und Alternativmedizin, die in diesem Zentrum einen besonderen Stellenwert hatte. So lernte ich auch alternative Heilmethoden wie Bioresonanz, Bachblüten und ätherische Öle kennen – und spürte, wie kraftvoll diese Ansätze wirken.&nbsp;</span></p>
                    <p><span style="font-family: Raleway; font-size: 92%;">Doch nicht nur die äußere Haut wollte ich besser verstehen – auch das innere Wohlbefinden war mir wichtig. Deshalb entschloss ich mich 2017, eine Ausbildung zur Kinesiologin zu absolvieren. Diese Ausbildung eröffnete mir tiefere Einsichten in die Wechselwirkungen von Körper, Geist und Seele und ließ mich erkennen, wie wichtig es ist, alle Ebenen des Menschen zu berücksichtigen, um Veränderung zu erfahren.</span></p>
                    <p><span style="font-family: Raleway; font-size: 92%;">Mit dem Wunsch, meine ganzheitliche Philosophie in meiner Arbeit zu leben, wagte ich 2018 den Schritt in die Selbstständigkeit und eröffnete meine eigene Praxis in Hollabrunn. </span></p>
                    <p><span style="font-family: Raleway; font-size: 92%;">Meine Praxis ist für mich mehr als nur ein Arbeitsplatz – ein Rückzugsort, an dem meine Kundinnen und Kunden zur Ruhe kommen. Entspannung und Zeit zum Entschleunigen finden und das Wohlbefinden im Mittelpunkt steht. Hier geht es nicht nur um äußere Schönheit, sondern um die ganzheitliche Pflege von Körper, Geist und See</span></p>
                  </div>
                </div>
              </div>
            </div>
          </div>
          <div class="h-column h-column-container d-flex h-col-lg-auto h-col-md-auto h-col-auto style-2369-outer style-local-1494-c8-outer">
            <div data-colibri-id="1494-c8" class="d-flex h-flex-basis h-column__inner h-px-lg-2 h-px-md-2 h-px-2 v-inner-lg-2 v-inner-md-2 v-inner-2 style-2369 style-local-1494-c8 position-relative">
              <!---->
              <!---->
              <div class="w-100 h-y-container h-column__content h-column__v-align flex-basis-100 align-self-lg-center align-self-md-center align-self-center">
                <!---->
                <div data-colibri-id="1494-c9" class="h-multiple-image style-2370 style-local-1494-c9 position-relative h-element">
                  <!---->
                  <div class="position-relative">
                    <div class="h-multiple-image-inside-container">
                      <div class="ratio-inner">
                        <div data-colibri-id="1494-c10" class="d-block style-2371 style-local-1494-c10 position-relative h-element">
                          <!---->
                          <div class="h-image__frame-container-outer">
                            <div class="h-image__frame-container">
                              <!---->
                              <!---->
                              <img loading="lazy" width="846" height="924" src="https://bewusst-schoen.at/wp-content/uploads/2021/09/cropped-0-7-2.jpg" class="style-2370-images style-local-1494-c9-images wp-image-5006 style-2371-image style-local-1494-c10-image" srcset="https://bewusst-schoen.at/wp-content/uploads/2021/09/cropped-0-7-2.jpg 846w, https://bewusst-schoen.at/wp-content/uploads/2021/09/cropped-0-7-2-275x300.jpg 275w, https://bewusst-schoen.at/wp-content/uploads/2021/09/cropped-0-7-2-768x839.jpg 768w, https://bewusst-schoen.at/wp-content/uploads/2021/09/cropped-0-7-2-600x655.jpg 600w" sizes="(max-width: 846px) 100vw, 846px" alt="" />
                              <div class="h-image__frame h-hide-lg h-hide-md h-hide-sm style-2371-frameImage style-local-1494-c10-frameImage"></div>
                            </div>
                          </div>
                        </div>
                      </div>
                    </div>
                  </div>
                </div>
              </div>
            </div>
          </div>
        </div>
      </div>
      <div data-colibri-id="1494-c11" class="h-row-container gutters-row-lg-2 gutters-row-md-2 gutters-row-0 gutters-row-v-lg-2 gutters-row-v-md-2 gutters-row-v-2 style-2376 style-local-1494-c11 position-relative">
        <!---->
        <div class="h-row justify-content-lg-center justify-content-md-center justify-content-center align-items-lg-stretch align-items-md-stretch align-items-stretch gutters-col-lg-2 gutters-col-md-2 gutters-col-0 gutters-col-v-lg-2 gutters-col-v-md-2 gutters-col-v-2">
          <!---->
          <div class="h-column h-column-container d-flex h-col-lg-auto h-col-md-auto h-col-auto style-2377-outer style-local-1494-c12-outer">
            <div data-colibri-id="1494-c12" class="d-flex h-flex-basis h-column__inner h-px-lg-2 h-px-md-2 h-px-2 v-inner-lg-2 v-inner-md-2 v-inner-2 style-2377 style-local-1494-c12 position-relative">
              <!---->
              <!---->
              <div class="w-100 h-y-container h-column__content h-column__v-align flex-basis-100 align-self-lg-start align-self-md-start align-self-start">
                <!---->
                <div data-colibri-id="1494-c13" class="h-text h-text-component style-2378 style-local-1494-c13 position-relative h-element">
                  <!---->
                  <!---->
                  <div class="">
                    <p><span style="font-family: Raleway; font-size: 92%;">Um noch mehr Ruhe, Gelassenheit und Lebensfreude in meinen Alltag zu integrieren, habe ich mich immer mehr dem achtsamen Lebensstil zugewandt. Die ganzheitliche Philosophie von Yoga und Ayurveda hat mich dabei besonders inspiriert und begleitet mich nun täglich.</span></p>
                    <p><span style="font-family: Raleway; font-size: 92%;">2022 – 2024 habe ich die Ausbildung zum Ayurveda Lifestyle Coach bei Dr. Janna Scharfenberg abgeschlossen. </span></p>
                    <p><span style="font-family: Raleway; font-size: 92%;"> </span></p>
                    <p><em style="font-family: Raleway; font-size: 92%;">Es ist meine Leidenschaft, dich dabei zu begleiten, dein inneres und äußeres Gleichgewicht zu finden und ein Leben voller Achtsamkeit, Gesundheit und Lebensfreude zu führen.</em></p>
                  </div>
                </div>
              </div>
            </div>
          </div>
        </div>
      </div>
    </div>
  </div>
</div>

<p>Lisa INHABERIN&nbsp; KOSMETIKERIN, KINESIOLOGIN, AYURVEDA lifestyle COACH, Frauenkreisleiterin &#8211; und prozessbegleiterin I.A. Im Zeitraum von 2012 bis 2015 habe ich die Lehre zur Kosmetikerin ab﻿solviert. Nach meinem Abschluss zog es mich in das Hautzentrum von Dr. Sabine Schwarz, einem der größten und renommiertesten Zentren für ästhetische und klassische Hautheilkunde, in Wien. Dort konnte ich drei [&hellip;]</p>
